o base 2.
-100010111011011001110111
Convert b8eb4 (base 16) to base 7.
6303150
What is 15227015 (base 9) in base 6?
430220235
Convert 512165 (base 7) to base 2.
10101010010110010
-1d7b91 (base 14) to base 16
-1027a3
-56aa29 (base 13) to base 16
-1f4dc6
What is 4dc9a (base 16) in base 8?
1156232
What is 1ac352 (base 15) in base 4?
10333003331
Convert 11000110101101111111100 (base 2) to base 3.
110020211020211
150145045 (base 6) to base 2
1011110011001101110101
a1a3c (base 13) to base 6
10112300
b83252 (base 14) to base 13
13a2835
-3b198 (base 13) to base 8
-327100
What is 211020103 (base 4) in base 15?
300dd
Convert -12330022112 (base 4) to base 9.
-3372528
Convert 1110223231 (base 4) to base 11.
217669
-92ab8 (base 13) to base 14
-6bd40
What is -1a56b4 (base 13) in base 10?
-669049
Convert 78c9b (base 13) to base 14.
5a09d
100100101000111101 (base 2) to base 16
24a3d
What is 230201253 (base 6) in base 8?
20050201
What is -2546013 (base 7) in base 3?
-121211001110
Convert 1a925a (base 12) to base 16.
73426
-200100110001110 (base 3) to base 16
-94cd40
10233401 (base 5) to base 12
42232
500042 (base 6) to base 2
1001011111111010
40431230 (base 5) to base 4
1033312121
Convert 132363640 (base 7) to base 13.
19cb931
What is 25ba916 (base 12) in base 16?
71dfa2
24726 (base 9) to base 15
4dd9
What is 3bbf9b (base 16) in base 6?
215532043
What is -317431 (base 9) in base 14?
-4cd19
What is -2024201 (base 6) in base 11?
-66838
Convert -204043131 (base 5) to base 3.
-1121000102000
Convert 503b646 (base 12) to base 16.
e510d6
What is 1332443320 (base 5) in base 10?
3406085
4421341 (base 9) to base 15
31e061
-384378 (base 9) to base 13
-81cb9
Convert 1415441 (base 6) to base 11.
55375
Convert 4853483 (base 9) to base 8.
12027513
-1680437 (base 9) to base 8
-3451125
What is -111111120010 (base 3) in base 4?
-1000320210
-152261 (base 7) to base 13
-1064c
What is -334417 (base 8) in base 15?
-236c6
What is 1101110000101000 (base 2) in base 15?
11a75
What is 175876 (base 13) in base 7?
4650421
What is 10010001010011001011100 (base 2) in base 3?
22221220010000
Convert 1442445 (base 6) to base 2.
10100011001011101
Convert 2017454 (base 8) to base 4.
2001330230
What is 1342221 (base 5) in base 3?
1102011001
-202022000002221 (base 3) to base 14
-160ac67
What is 2444571 (base 10) in base 16?
254d1b
What is 1629224 (base 11) in base 13?
764119
-81905d (base 16) to base 7
-132113253
Convert 16260708 (base 9) to base 2.
11111000000110001110110
Convert -211431142 (base 7) to base 9.
-25541347
What is -7119077 (base 10) in base 6?
-412330405
Convert 1210124443 (base 5) to base 6.
140215550
2134a8 (base 15) to base 3
2222022010012
Convert -221ac (base 13) to base 12.
-2b943
What is 5615c5 (base 13) in base 7?
23156245
Convert cc76c (base 15) to base 7.
5344050
Convert 112011110201 (base 3) to base 15.
57931
Convert -10010010100101111101 (base 2) to base 11.
-38013a
-6b6a33 (base 13) to base 8
-11601653
1422203 (base 7) to base 6
4025442
-12102202220 (base 3) to base 2
-11010000111110110
1346160 (base 8) to base 13
103c80
What is -142777 (base 10) in base 4?
-202312321
44141204 (base 5) to base 4
1130332010
What is -20355463 (base 9) in base 3?
-200101212112010
Convert -b12 (base 15) to base 7.
-10160
30c (base 16) to base 7
2163
2715236 (base 8) to base 7
6315065
-1b06541 (base 12) to base 9
-11708844
What is -3b49c (base 14) in base 15?
-2d56e
-2a7278 (base 14) to base 5
-334321024
-b1fd04 (base 16) to base 4
-230133310010
What is -1220102 (base 6) in base 13?
-23687
17612b (base 13) to base 15
b833d
-202200020012010 (base 3) to base 5
-10303101001
Convert 11212405 (base 6) to base 16.
53fd5
What is 5605070 (base 10) in base 4?
111120123032
Convert -1110000111011110 (base 2) to base 11.
-3a496
Convert 1111440333 (base 5) to base 2.
1001010110110001110001
What is 24148662 (base 9) in base 6?
1100320345
Convert -3120125 (base 6) to base 3.
-21122021222
What is -3022112333 (base 4) in base 5?
-203010423
Convert -3478587 (base 9) to base 10.
-1882762
What is -467476 (base 8) in base 5?
-20101200
Convert 2132a (base 14) to base 13.
2a675
30800 (base 9) to base 11
14303
495570 (base 12) to base 11
744128
Convert 14901b8 (base 12) to base 4.
33321220130
1011100100010000001011 (base 2) to base 5
1234011300
3420413 (base 6) to base 11
109656
Convert -10011101100000111 (base 2) to base 12.
-3a807
-541a8 (base 14) to base 3
-101100000100
-375148 (base 10) to base 11
-236944
Convert 313441502 (base 6) to base 4.
110331222032
What is 11845 (base 12) in base 2?
101110001110101
Convert 17913b4 (base 12) to base 7.
56535325
Convert -6478621 (base 9) to base 8.
-15207162
45326003 (base 7) to base 13
a7c2ac
What is -575067 (base 8) in base 2?
-101111101000110111
What is 5caa9 (base 14) in base 7?
1634102
Convert 2502552 (base 6) to base 12.
64a58
40e9b (base 16) to base 13
94037
-4342201 (base 6) to base 9
-357721
6b848 (base 13) to base 8
600521
11012210220220 (base 3) to base 9
4183826
What is -10420013 (base 5) in base 4?
-112123223
What is -112322 (base 5) in base 4?
-333313
Convert 427553 (base 10) to base 2.
1101000011000100001
What is 516798 (base 15) in base 5?
1442310333
What is -92a90 (base 11) in base 14?
-3767a
Convert 24101421 (base 5) to base 7.
1613361
What is -169ca2 (base 13) in base 3?
-1001200110211
Convert 101011200100 (base 3) to base 16.
30e31
-148a759 (base 11) to base 4
-21231312222
Convert 773061 (base 8) to base 2.
111111011000110001
342471 (base 8) to base 15
245a0
-2105546 (base 7) to base 2
-111110000010010011
What is 16a7753 (base 12) in base 3?
22211202111200
1ee7a (base 16) to base 6
2414014
-54760b (base 14) to base 16
-2bb04b
Convert -1108a (base 13) to base 4.
-13202120
What is -164556502 (base 7) in base 6?
-1041355024
What is 792b4 (base 13) in base 3?
102012001000
-1101010001001001111 (base 2) to base 11
-277713
Convert -12701 (base 11) to base 6.
-220011
What is -b5b25d (base 14) in base 11?
-35131a0
Convert -205214541 (base 6) to base 4.
-31301130331
617725 (base 8) to base 16
31fd5
-12403404314 (base 5) to base 3
-1001210000212211
1b836 (base 13) to base 7
313541
What is -6361505 (base 7) in base 16?
-bc4f2
456d4 (base 15) to base 2
110101111011111100
What is ec8b4 (base 15) in base 13?
203c11
-101001210010 (base 3) to base 7
-1453431
What is 10111211202 (base 3) in base 16?
10e14
2121122202 (base 4) to base 9
1156876
1121100121100 (base 3) to base 9
1540540
Convert -f421 (base 16) to base 3.
-10011201201
Convert -2a429a3 (base 13) to base 7.
-222431143
What is -1044027 (base 9) in base 15?
-b11a1
Convert 1cd39 (base 16) to base 10.
118073
66441 (base 9) to base 11
30152
What is -16d811 (base 15) in base 12?
-455814
-3212104 (base 6) to base 9
-258674
Convert -321241314 (base 5) to base 16.
-14a405
-10101340 (base 5) to base 2
-10011111000111110
-23411141 (base 5) to base 16
-34d65
Convert 1187787 (base 15) to base 16.
bff5e7
What is 2334111242 (base 5) in base 15?
713b67
What is b79a6 (base 12) in base 9?
407380
Convert 112012504 (base 7) to base 14.
c99d74
Convert 1488345 (base 12) to base 15.
57308e
Convert 114004440 (base 5) to base 9.
1000526
121013220301 (base 4) to base 6
353045321
What is -556821 (base 10) in base 7?
-4506246
What is -1010120111323 (base 4) in base 16?
-111857b
Convert -232325120 (base 6) to base 8.
-20364250
Convert -7253e (base 16) to base 15.
-93b41
What is 24153524 (base 7) in base 2?
1000001100010111001010
17a053 (base 13) to base 16
90d6a
What is -131a389 (base 15) in base 5?
-12010111204
102112201221 (base 3) to base 10
227257
2839837 (base 10) to base 7
33065260
What is -4322342 (base 5) in base 3?
-10201210012
Convert -1001110100100100000 (base 2) to base 13.
-b3639
Convert -371430 (base 11) to base 13.
-177535
What is -14433230 (base 5) in base 8?
-457460
What is -8137740 (base 9) in base 7?
-51566205
Convert 10010001211110 (base 3) to base 4.
12103332303
-dbb63 (base 14) to base 11
-333637
What is -130203330 (base 4) in base 16?
-1c8fc
Convert -20ab94 (base 14) to base 4.
-10031313132
What is -35335641 (base 9) in base 5?
-13401111420
-4672836 (base 9) to base 6
-130104140
-18326 (base 15) to base 9
-128410
What is -1112345 (base 10) in base 8?
-4174431
What is 2299c9 (base 13) in base 9?
1481377
What is -1